-72)). What is i(j)?
22
Let o(i) be the third derivative of -i**5/30 - 25*i**4/24 - 17*i**3/6 + 16*i**2 + 50. Calculate o(-11).
16
Let l(s) be the first derivative of 3*s**2/2 - 16*s + 166. Let w = 23 - 16. What is l(w)?
5
Let b(n) = -3*n**3 - 2*n + 2. Let q be b(1). Let v(r) = 869 - 27*r + 29*r - 863 - r**2. Give v(q).
-9
Suppose 3*b + 5*k + 10 = 0, 5*b - 2*k = b + 4. Suppose b = 3*m - p - 96, -2*m + p - 121 = -6*m. Let g(s) = 3 + m*s - 26*s + 0 + 1. Calculate g(-3).
-11
Let v = -80 - -65. Let l be 0/(3/(v/(-5))). Let y(f) = -f - 3. Determine y(l).
-3
Let u(n) = n**2 - 9*n + 6. Let y be (-66)/9 - -8 - (-1418)/6. Let b = -231 + y. Calculate u(b).
-12
Let n(f) = 14 - 3*f + 53 + 9*f + 2*f**3 - 61 + 7*f**2. Calculate n(-3).
-3
Let c(l) = l**2 + l - 32. Let p be c(5). Let k(r) = -r**2 - 2*r - 7. Let w be k(p). Let v(z) = -z**2 - 5*z + 4. Determine v(w).
-10
Let m(f) be the third derivative of 122*f**2 + 0*f - 1/2*f**3 - 1/60*f**5 - 1/4*f**4 + 0. What is m(-4)?
5
Suppose 15*w + 11*w - 32*w = -54. Let h(k) = k**3 - 6*k**2 - 17*k - 8. Determine h(w).
82
Let c(t) = -40 - 407*t + 215*t + t**2 + 185*t. Give c(9).
-22
Let d(k) = 5. Let u(h) = 8*h - 38. Let w(r) = -5*r + 20. Let c(s) = 3*u(s) + 5*w(s). Let z(b) = -2*c(b) - 7*d(b). Calculate z(7).
7
Let p(a) = a**3 + 11*a**2 + 9*a + 3. Suppose -2*j = 6*l - 8*l - 804, 3*j = 9. Let i = l - -389. Calculate p(i).
13
Let g = -73108 + 73105. Let w(k) = -7 + k + 0*k - 6*k. Calculate w(g).
8
Let j = -192 - -197. Suppose 7*r - 1 = -a + 4*r, -3*r = 5*a - j. Let k(c) = 5*c + 1. Determine k(a).
6
Let s(q) = 0 - 19*q + 13 - 6 + q**2 + 1. Let p = -9087 + 9105. Determine s(p).
-10
Let c(i) = i + 54. Let p be c(-31). Let x(z) = -z**3 + p*z**2 - 35*z**2 + 7*z + 17*z**2 - 9. Calculate x(6).
-3
Suppose 393 = -138*i + 382 - 1507. Let q(y) = -y**3 - 13*y**2 - 21*y + 17. Calculate q(i).
6
Let d(f) = -f**2 + 18*f + 118. Let o be 99195/4279 + (-4)/22. What is d(o)?
3
Let q(u) be the third derivative of u**5/15 + u**4/8 + u**3/6 - u**2. Suppose 505*y - 350 = -605 - 755. What is q(y)?
11
Suppose 2*s + 14 = 3*a - 7*a, -a = -4*s - 10. Let c(h) = 5*h**2 + 3*h. Let u(n) = -13*n**2 - 6*n + 1. Let v(m) = -5*c(m) - 2*u(m). What is v(a)?
8
Let f be (-12)/4 + 10 + 5/(-5). Let a(i) = -2 - 11*i + 46*i**3 + f*i**2 - 47*i**3 + 9*i. Determine a(6).
-14
Let v(w) = -71*w - 70*w + 7 + 140*w. Let u be (2/2)/((-6)/(-138)). Let h = -17 + u. Determine v(h).
1
Let j(f) = -9*f - 64. Let b be j(-7). Let a(r) = -2*r**2 - r + 1. Let w(s) = s**2 + 3*s + 8. Let i(x) = b*a(x) - w(x). What is i(5)?
6
Suppose -4 = 3*d + 2*b, -d - 38 = 5*b - 15. Let v(h) = h**d + 5*h + 0*h**2 - 23*h + 15*h. Give v(2).
-2
Let u(x) = -x**2 - 8*x + 5. Suppose -b = -4*o + 2*b + 23, -5*o - 5*b - 15 = 0. Let r(i) = -4*i**2 - 25*i + 16. Let h(k) = o*r(k) - 7*u(k). What is h(7)?
-10
Let u(s) = 9*s**2 + s**3 + 3*s**2 - 29*s - 21 - 5*s + 50*s. Determine u(-10).
19
Let d(p) be the second derivative of 7*p**3/6 - p**2/2 + 5215*p. Calculate d(2).
13
Suppose -3*x + 126*s + 5 = 128*s, 5*s = 14*x - 9. Let h(v) = -29*v + 31. Calculate h(x).
2
Let k = 611 - 608. Let l be -2 + -2 + k/(-1). Let y(a) = a + 3. Determine y(l).
-4
Let q(v) = -v**2 - 10*v + 10. Let g(l) = 2*l**2 + 21*l - 21. Let r(y) = -3*g(y) - 7*q(y). Let a be 4*(2/(-15) - 2100/1125). Determine r(a).
1
Let w(u) = u**3 + 2*u - 35. Let r be w(0). Let o be 1/(-4) + r/(-28) - -4. Let j(z) = z**3 - 5*z**2 + 8*z - 7. Give j(o).
33
Suppose -15 = -3*y + 8*y, -16 = -w + 4*y. Let m(a) = 108*a**2 + 21 - w + a**3 - 120*a**2 - 15*a + 5. What is m(13)?
-4
Let n(m) be the second derivative of 0 + 3/4*m**4 - 1/20*m**5 - 1/2*m**2 + 4*m - 4/3*m**3. Let i be 2*(-4 - -13) - 10. Calculate n(i).
-1
Suppose -201 - 272 = -54*k - 95. Let v(q) = -3*q**2 + 5*q. Let p(g) = -g**2 - g - 1. Let i(c) = 2*p(c) - v(c). What is i(k)?
-2
Let h(q) = q - 13. Let g be h(6). Let z(a) be the second derivative of -a**5/20 - 7*a**4/12 + a**3/2 + 3*a**2 + 8037*a. What is z(g)?
-15
Suppose 5 = -141*o - 3 + 8. Let s(v) be the second derivative of 0*v**4 + 0*v**2 - 2/3*v**3 + o + 1/20*v**5 - 7*v. What is s(-3)?
-15
Let u(a) be the third derivative of 0*a - 6 + 17*a**2 + 5/12*a**4 + 1/2*a**3. Calculate u(-3).
-27
Let w(z) = -88*z**3 + 54*z**2 + 59*z - 93. Let y(u) = -39*u**3 + 28*u**2 + 30*u - 46. Let r(c) = 4*w(c) - 9*y(c). Determine r(-35).
7
Let q(t) = t + 26. Let c(y) = 4*y + 84. Let l(j) = -5*c(j) + 16*q(j). Determine l(-8).
28
Let y(v) = v + 30. Let q be y(0). Suppose 2*k = 7*k + q. Let g(h) = 4*h + 11. Let f(j) = 4*j + 13. Let s(z) = 3*f(z) - 4*g(z). What is s(k)?
19
Let p(u) be the third derivative of u**6/120 + u**5/10 + 5*u**4/24 + u**3/3 - 184394*u**2. Let d be -1*1 + (-2 - -1). Let c be d/(-4)*(-20)/2. What is p(c)?
2
Let q(s) = -2*s**3 - 3*s**2 + s + 2. Let x be (2/(-8))/(-5 - 312/(-64)). Suppose x*i + 6 = -2*l + 2, -2*i - 8 = 4*l. Calculate q(l).
4
Let q(p) = -414*p + 1835. Let f(x) = 222*x - 916. Let z(c) = -5*f(c) - 3*q(c). Calculate z(7).
-1
Let j(x) = -6 + 26*x + 21 + 3*x**2 - x**2 - 2. Let i = 7 + -19. Let r be j(i). Let h(t) = -t**3 - 11*t**2 - t - 9. Determine h(r).
2
Let d(z) be the third derivative of z**6/120 + 7*z**5/60 + z**3 + 48290*z**2. Let h be (-2)/(-1) + 0 + -1. Let o = -8 + h. Give d(o).
6
Let h(u) be the second derivative of 0 + 11/6*u**3 - 61*u - 1/2*u**2. Determine h(-2).
-23
Let s(y) be the second derivative of -1/20*y**5 + 0 + 1/3*y**3 + 3*y - 7/12*y**4 + 3/2*y**2. Let z = 9871 - 9878. Calculate s(z).
-11
Let f(d) be the third derivative of -d**6/60 - d**5/60 + 13*d**4/24 - 11*d**3/6 - 565*d**2 + 4*d. Calculate f(1).
-1
Let j(z) = -3*z**2 - 58*z - 13. Let k = -21049 - -21031. Give j(k).
59
Let s(c) = -2*c**3 - 2*c**2 + c - 4. Let r(j) = 29*j - 235. Let v be r(8). Determine s(v).
29
Let g(o) = 3*o**2 - 18*o + 18. Let f be g(5). Let d(q) be the first derivative of -2*q**3/3 + 3*q**2 + 2*q - 17. Give d(f).
2
Let w(q) = 2*q - 396. Let u(d) = 131. Let f(a) = -11*u(a) - 4*w(a). Determine f(19).
-9
Let w(n) be the third derivative of 119*n**2 + 0 + 5/24*n**4 + 0*n + 7/6*n**3. Calculate w(-4).
-13
Let b(f) = 11*f**2 - 151*f + 13. Let z(c) = -6*c**2 + 93*c - 7. Let y(k) = -6*b(k) - 10*z(k). Give y(-4).
-8
Let x(r) = -4*r - 12 + 7 - 1 - r**3 - r. What is x(0)?
-6
Let k(a) = -529*a + 264*a + 263*a - 62. Let v be k(-28). Let m(t) = 6*t - 2. Give m(v).
-38
Let o(s) = -15257*s - 15250. Let a be o(-1). Let b(j) be the second derivative of 0 - 1/2*j**4 - j + 7/2*j**2 + 1/20*j**5 - 7/6*j**3. Determine b(a).
7
Let j(s) be the first derivative of -s**3/3 - 4*s**2 + 9*s - 21894. Suppose 28 = -4*a - 0. Determine j(a).
16
Suppose 35*x = 91*x + 14*x - 560. Let g(l) = 12*l - 123. What is g(x)?
-27
Let c(d) = 4*d - 13. Let t(a) = -5*a + 4. Let s(r) = 1 + 0 - 4 + 4 - r. Let n(p) = -11*s(p) + 2*t(p). Let j(x) = 2*c(x) - 9*n(x). What is j(9)?
-8
Suppose -7*c - 224 = -15*c. Suppose z + 13*z + c = 0. Let w(i) = -3*i**3 - i**2 - 2*i - 2. Determine w(z).
22
Let c(f) = 5 + 2 - 6 + f**2. Let w(j) = -5*j + 2. Let y be (-10)/(-65) + (-3)/((-78)/(-4)). Let l be w(y). Calculate c(l).
5
Let v(j) = 3*j - 21. Let f be 15/(-20) - (8 + 280/(-32)). Determine v(f).
-21
Let l(o) = -3*o + 34. Let u be (-237)/(-12) - ((-1)/2 - (-1)/4). Determine l(u).
-26
Let c(s) be the third derivative of 17*s**5/120 - 43*s**3/6 - 29*s**2. Let k(i) be the first derivative of c(i). Determine k(-1).
-17
Let u(r) = -r**3 + r**2 + 10*r - 3. Let i(w) = 2*w**2 + 3*w + 3. Let h be i(0). Calculate u(h).
9
Let g(q) = -98*q + 639. Let m(l) = -53*l + 319. Let f(p) = 3*g(p) - 7*m(p). Give f(4).
-8
Let u be 2/(-15) + ((-1122)/(-45))/22. Let g(x) = -u + 69*x + 68*x - 218*x + x**2 + 77*x. Calculate g(4).
-1
Let n(l) = -2*l + 3. Let q = -26 + 35. Suppose -q = -2*g - 17. Give n(g).
11
Let m(b) = b**3 + 10*b**2 - 9*b + 9. Let k(s) = -517 - s**3 + 20*s + 1029 - 571 - 10*s**2. Let f be k(-12). Determine m(f).
-13
Let y(t) = -32*t - 669. Let w(l) = -11*l - 212. Let r(m) = -19*w(m) + 6*y(m). Calculate r(-1).
-3
Let m = 203 + -213. Suppose -16*d = -19*d - 18. Let k = d - m. Let w(l) = l**3 - 6*l**2 + 7*l - 5. Give w(k).
-9
Let c(p) = -p**3 + p**2 + 2*p - 2. Let o be (-35)/(-175) + ((-78)/(-10) - 0). Suppose 45 = o*g + 29. Calculate c(g).
-2
Suppose 5*t = 8*t - 31*t. Let h(z) = z**2 + 28. Calculate h(t).
28
Let m(n) = -n**3 +